. Let q be w(-8). Let i be (13 - (-979)/(-77))*(-51 + 2). Calculate the remainder when 8 + i - q - 94/(-2) is divided by 6.
3
Suppose 5*r = -5*x + 350, 5*r + 123 + 137 = 5*x. Suppose 0 = -5*v - w - 0*w + 115, -64 = -2*v - 4*w. Calculate the remainder when x is divided by v.
17
Suppose 0 = -11*q - 4*q - 8670. Let t = q + 589. What is the remainder when 68 is divided by t?
2
Calculate the remainder when 3435 is divided by 32/(-416) + 144/13.
3
Calculate the remainder when 382 is divided by 32/72 + (-690)/(-27).
18
Let o = 13573 - 13486. What is the remainder when 2433 is divided by o?
84
Suppose 0 = -21*t + 514 - 94. Let r(i) = -i - 4. Let b be r(-3). Calculate the remainder when (1 - 4) + b - -123 is divided by t.
19
Suppose 46*b - 48*b = 0. Suppose -5*i - h + 116 = b, -4*i + 5*h - 2*h = -108. Suppose -4*a + 28 = -i. What is the remainder when 168 is divided by a?
12
Suppose 2*d + d - 114 = 0. Let q(h) = 3150*h - 2620. Calculate the remainder when q(1) is divided by d.
36
Let a = 436 - 115. Calculate the remainder when a is divided by 106.
3
Suppose 2*n - 4*w - 27 - 21 = 0, -5*n + 5*w + 140 = 0. What is the remainder when 37 is divided by n?
5
Suppose -80*z = -75*z - 1555. Calculate the remainder when z is divided by (-1)/(-2)*120/4.
11
What is the remainder when (-4)/(-26) - 20073840/(-1560) is divided by 55?
53
Calculate the remainder when ((0 + (-20)/16)*-788)/(215 - 214) is divided by 33.
28
Let g(k) = -k**2 + 23*k + 13. Let h be g(11). Let y = h + -92. Suppose 2*l = 133 + y. What is the remainder when l is divided by 16?
13
Suppose -k - 5 = 0, k + 1 = -y - 0*y. Calculate the remainder when 166 is divided by y/(-3)*(-348)/16.
21
Calculate the remainder when (0 + 1 + 1)*-20*9210/(-60) is divided by 83.
81
Let a(q) = 1306*q - 202285. What is the remainder when a(155) is divided by (-3 + 0)*-4 + -1?
2
Let j(f) be the third derivative of -f**5/60 + f**4/8 + 7*f**3/3 - 7*f**2 - 3*f. What is the remainder when 193 is divided by j(0)?
11
Suppose -33*w - 35*w + 6*w = -8804. Calculate the remainder when 426 is divided by w.
0
Suppose 5*m - 41 = -3*l + 21, -2*m = 3*l - 68. Suppose 5*z - 8 = 5*y - 53, l = 2*y - 4*z. What is the remainder when (-132)/8*(-20)/15 is divided by y?
4
Suppose -2*p = -4*r - 26, 5*p + 0*r + r = 65. Let q be -30*(0 - (-21)/(-6)). Let f = q - 32. Calculate the remainder when f is divided by p.
8
Let o = 159 - 158. What is the remainder when 8 is divided by (11 - 9)*(3 - o)?
0
Suppose 4*q - 42 = 4*f - 986, 0 = 2*f + 2*q - 480. What is the remainder when f is divided by 12?
10
Let y be (-34)/((-9)/(45/10))*10. Let c = 206 - y. What is the remainder when c is divided by 20?
16
Let h(u) = -4*u + 25. Let l be (-3)/(10 - -2) + (-61)/(-4). Suppose 5*f - 2*f - l = 0. What is the remainder when h(f) is divided by 2?
1
Let j(x) = x**2 + 5*x + 8. Let c be j(-6). Let d(q) = -3*q + 41. Let i be d(c). What is the remainder when 29 is divided by 4 + (1 - -5) + i?
2
Let v = -196 - -109. Let n = v - -212. What is the remainder when n is divided by 16?
13
Suppose -7*f - 3440 + 9607 = 0. Calculate the remainder when f is divided by 126.
125
Suppose 10*a = -20*a - 22*a + 2496. What is the remainder when 1184/5 - 3/(-15) is divided by a?
45
Let k = 14 - -2. Let o = 461 + -457. Let h = 67 - o. What is the remainder when h is divided by k?
15
Suppose -142*u + 131*u + 726 = 0. Suppose -3*a + u = 5*x + 9, -a + 5 = -3*x. What is the remainder when 109 is divided by a?
11
Let v(k) = k**3 + 46*k**2 + 516*k - 107. Let l = -12 - -23. Calculate the remainder when v(-25) is divided by l.
8
Let d = 14119 - 9178. Calculate the remainder when d is divided by 24.
21
Suppose 6*t - 10*t = -20. Suppose -2*b = -t*d - 5*b - 16, -5*b = -5*d. Let g(v) = -45*v - 2. What is the remainder when g(d) is divided by 15?
13
What is the remainder when 2 + -1 + 374 - (-49 - -53) is divided by 128?
115
Suppose 72262 = 12*j + 71974. What is the remainder when 424 is divided by j?
16
Let t = 260 - 175. Let p = -266 + t. Let x = p + 318. What is the remainder when x is divided by 28?
25
Let n = 81 - 61. Let m(d) = 8*d**2 - d. What is the remainder when m(-1) is divided by n/8 - (28/(-8) - -3)?
0
Let u = 27475 - 27365. Let z(n) = 2*n**2 + 3. What is the remainder when u is divided by z(-4)?
5
Suppose 5*g + 18 = -i + 5*i, 3*g - 4*i = -14. Let f = -17 - -21. What is the remainder when (g - -6)*87/f is divided by 45?
42
Let i be 3/8 + (2331/(-72) - -9). Let o(k) = -k**3 - 23*k**2 + 11. Calculate the remainder when 61 is divided by o(i).
6
Suppose -5*o - 21 + 136 = 5*f, 3*o - 57 = -f. Calculate the remainder when 6185 is divided by o.
14
Let j = 10943 - 10929. What is the remainder when (-259)/(-9) + 8/36 is divided by j?
1
Let k be 94/15*5 - 1/3. Suppose -k = -5*s - 21. Let g(i) = i + 9. What is the remainder when g(-7) is divided by s?
0
Suppose -3*a + 11 = 23. Let t(q) = -16*q + 32. Calculate the remainder when t(a) is divided by 33.
30
Let h(f) = -f**3 - 6*f**2 + 19*f + 9. Let m(u) = 2*u + 7. Let s be m(-7). Let l = s - -28. What is the remainder when h(-9) is divided by l?
18
Let i be (-28)/16*(-6 - -2). Let c = 33 - i. Suppose k + 15 = t, 0 = 5*t - k + 5 - 80. Calculate the remainder when c is divided by t.
11
Let y be (-24 - -26)/(1/2). Suppose -y*u + 112 = -0. What is the remainder when 872/u - 5/35 is divided by 9?
4
Suppose 5*h + 5*b = 50, 8*h - 26 = 6*h - b. Calculate the remainder when 11038 is divided by h.
14
Let n(b) = 4*b**2 - 37*b - 10. Let p be n(12). Let j = 143 - p. What is the remainder when j is divided by 11?
10
Suppose -h - 164 = -4*d, 2*d + d = 4*h + 123. What is the remainder when (32200/(-105))/40*-21 is divided by d?
38
Let s = 213 + -187. Suppose -s*x + 27*x = 61. What is the remainder when x is divided by 13?
9
Let v be 1/((-14)/(-21)*(-1)/(-6)). Suppose -3*q = -v, -d + 4*q - 1 = -7. Calculate the remainder when 124 is divided by 21*21/d + (-6)/(-4).
20
Let d = -5724 - -5757. Let i(c) = 5*c**2 - 2*c - 1. Let a = -19 - -18. What is the remainder when d is divided by i(a)?
3
Let n(v) = -1300*v + 12968. What is the remainder when n(8) is divided by 11?
5
Suppose -4*o = 6*o - 240. Suppose 0 = -3*x + 4*s + 420, 2*s = -0*s. Calculate the remainder when x is divided by o.
20
Let u(y) = -y**3 - 5*y**2 - y + 9. Let w be u(-5). Suppose -r + 2 = 0, 4*r = -b + 2*b - w. Calculate the remainder when 79 is divided by b.
13
Let v = 64 + -17. Let u be 431/(-3) + (-24)/72. Let l = -132 - u. Calculate the remainder when v is divided by l.
11
Let g(w) = -w**2 - 14*w + 1110. Calculate the remainder when g(-40) is divided by 27.
16
Suppose 34*p - 37*p = -1794. Calculate the remainder when p is divided by 67.
62
Let s(h) be the first derivative of h**2 + 76*h + 14. Let q be s(19). Suppose q = 6*x - 0*x. Calculate the remainder when 112 is divided by x.
17
Let h(s) = 10*s**3 - s**2 + 8*s - 16. Calculate the remainder when h(3) is divided by 6.
5
Let w(p) be the first derivative of 7/2*p**2 - 6 + 4/3*p**3 - 7*p - 1/4*p**4. What is the remainder when w(5) is divided by 3?
0
Suppose 2*y + 409 = -2*a + 1609, 4*y - 2398 = -2*a. What is the remainder when y is divided by 124?
103
Let m = -13671 + 15830. Calculate the remainder when m is divided by 48.
47
Suppose 2*h - 1192 = -5*o + o, 0 = -2*o + 2*h + 596. Suppose 4*f + o = 5*f. Calculate the remainder when f is divided by 50.
48
Let y(a) = a**2 - 5*a - 62. Let i be y(-6). Suppose 166 = i*d + 6. Calculate the remainder when 198 is divided by d.
38
Suppose -4*z = 13 - 21. Suppose 2*k = -k - z*k. Suppose -5*r = -k*y + 3*y - 165, 33 = r + 4*y. Calculate the remainder when r is divided by 10.
3
Let w = 1273 + -877. Let f = 585 - w. What is the remainder when f is divided by 6?
3
Let q = 302 + 766. Calculate the remainder when q is divided by 51.
48
What is the remainder when 3 - ((-3021)/5 + (-29)/(1305/36)) is divided by 128?
96
Suppose d = 5*h + 2*d - 603, 2*h + 4*d = 252. What is the remainder when (-11)/(88/h)*26/(-6) is divided by 17?
14
Suppose -3*m - 191 = -2*y, -2*m + 2*y - 85 = 39. Let j = m - -64. What is the remainder when 101/j*-2*6/4 is divided by 21?
17
Suppose -43*x + 357 - 56 = 0. What is the remainder when (66/88)/((-6)/(-208)) is divided by x?
5
Let w(l) = 3*l**2 + 1. Calculate the remainder when w(-5) is divided by (13